Suppose y*i + 10*o - 124 = 5*o, 0 = -o + 4. Let q = i - 10. What is the tens digit of q?
1
Let h(t) = t**3 + 31*t**2 + 11*t - 82. What is the units digit of h(-30)?
8
Let j = 740 - 116. What is the tens digit of j?
2
Let c(a) = -50*a**3 + 51*a**3 + 12*a - 9 + 4*a - 7*a**2. What is the tens digit of c(7)?
0
Suppose -3*q + 115 = 4*j, 4*q - 218 = -4*j - 66. Suppose 34*a = q*a - 561. What is the hundreds digit of a?
1
Let x be -4 - -31 - (1 + -3). Suppose x*v - 33*v = -656. What is the tens digit of v?
6
Let k(m) = m**2 - 5*m - 3. Let s be k(6). Let a = s - 1. Let l(i) = 2*i**2 - 1. What is the units digit of l(a)?
7
Let l = -1196 - -2303. What is the tens digit of l?
0
Let m = -1280 + 3349. What is the thousands digit of m?
2
Let n = 124 + -99. Let q(d) = -d**3 - 7*d**2 - 7*d + 7. Let f be q(-6). Let s = n - f. What is the units digit of s?
2
Let q be -3*(-7)/((-63)/(-12)). Suppose 0 = -4*i - 4*b, 0 = 4*i - 5*b - 23 - q. What is the units digit of 171/6 - i/2?
7
Let z(l) = 6*l + 6. Let i be z(-3). Let k be (i/8 + 3)*68. Let m = -71 + k. What is the tens digit of m?
3
Suppose 0 = -0*s - 2*s + 26. Let g = s - 10. Suppose -3*q - l + 44 = 0, -g*l - l = 16. What is the units digit of q?
6
Suppose -n + 60 = n. Suppose 0 = -r + n + 3. Suppose -2*w - w = -r. What is the units digit of w?
1
Let m(p) = p**3 + 6*p**2 - 4. Let l be m(-6). Let j = 29 - l. What is the tens digit of j?
3
Suppose 6*t - 31 = k + 2*t, 4*t = 3*k + 77. Let n = k - -26. Suppose -6*m + 180 = 4*s - 2*m, 2*s - 94 = -n*m. What is the tens digit of s?
4
Suppose 6*l + 12 = 12*l. What is the tens digit of (l - (-8)/(-3))/((-18)/1269)?
4
Let u(z) = 151*z + 67. What is the thousands digit of u(13)?
2
Suppose 670 = -62*f + 60*f. Let t = 495 + f. What is the tens digit of t?
6
What is the units digit of -10*((-5985)/18 - 1)?
5
Let g(w) = -w**3 - 6*w**2 + 11*w - 3. Let l be g(-8). Let r be 16/8 + l + 0. What is the tens digit of (-19 - -19) + (r - 0)?
3
Suppose -6580 = 44*k - 49*k. What is the units digit of k?
6
Let q be (-2)/(-3)*(-3 + 1)*-3. Suppose 0 = -4*g - 1 + 13. Suppose q*f + g*s - 30 = -2*s, 2 = -s. What is the tens digit of f?
1
Suppose -5*f - 10 = -3*r, 0 = 4*f - r - 3*r + 8. Let p(u) = 17*u + 4. Let a(x) = 8*x + 2. Let i(q) = 5*a(q) - 3*p(q). What is the units digit of i(f)?
0
Suppose 0 = -j - 5*x + 332, 3*j + 5*x + 301 = 1337. Suppose 5*u - j = 4*k, 5*k - u = 2*k - 264. Let b = k - -129. What is the tens digit of b?
4
Let f be 108/(-24)*16/(-3). Let q = -19 + f. Suppose 2*k + 264 = 4*o, k = q*k. What is the tens digit of o?
6
Suppose -i + 2*s - 4 = 0, -6*i + 2*i = 3*s - 28. Suppose 6*l - 2*l = -i*y + 188, y + 39 = l. What is the units digit of l?
3
Let d(c) be the third derivative of -c**7/2520 + c**6/180 - c**5/30 + 3*c**2. Let y(k) be the third derivative of d(k). What is the units digit of y(0)?
4
Suppose 26*i = 22*i - 60. What is the hundreds digit of 10*37/2*(-9)/i?
1
Let d be (-1)/(2/(-8)) - 2. Suppose -5*x + z = -0*x - 22, x - 8 = d*z. Suppose -2*a - x*y + 59 = 3*a, 2*a - 5*y - 17 = 0. What is the units digit of a?
1
Let y = 2099 - 1263. What is the units digit of y?
6
Let o be ((-2)/(-1) + (-1668)/36)*3. Let n = o + 240. What is the tens digit of n?
0
Let b(v) = 43*v - 17. Let y(o) = 42*o - 17. Let a(m) = -5*b(m) + 6*y(m). What is the units digit of a(4)?
1
What is the units digit of -5 + (-140)/(-21) + 11975/15?
0
Suppose -b - 3*v = -300, 584 = 2*b + 13*v - 11*v. What is the units digit of b?
8
What is the hundreds digit of (-3 - 5 - -5)*(-232 + 11)?
6
Let i be (-80)/8*-1*1/2. Suppose f = 3*h - 56 - 27, -i*f + 78 = 2*h. What is the tens digit of h?
2
Let f = -1082 + 1741. What is the hundreds digit of f?
6
Let g(m) = m - 1. Suppose 0 = -7*b + 8*b - 6. Let s be g(b). Let w = s - -6. What is the tens digit of w?
1
Let x be 1 + 0 + 4 + (1 - 3). Suppose 2*y + 4*m = 184, 0 = -x*y - 5*m + 352 - 74. What is the tens digit of y?
9
Suppose -69*t - 3 = -72*t. What is the tens digit of t/(2 - 1) - -22?
2
Let x(w) = -w + 2. Let u be x(1). Let n be 14/(-21)*-3*u. What is the units digit of 4/n*116/8?
9
Suppose 6*g = 3*g + 6. Suppose 14 = -g*o + o. What is the units digit of (-133)/o - 3/2?
8
Let y(n) = -3*n**2 + 95*n + 78. What is the tens digit of y(32)?
4
Let m(y) = -y**2 + 7*y + 3. Let k(b) be the second derivative of -b**4/12 - b**3/6 + 7*b**2/2 + 4*b. Let t be k(0). What is the units digit of m(t)?
3
Let c be (-3 + -3)*158/(-6). Suppose c = q + q. What is the units digit of q?
9
Let k = -98 - -359. What is the tens digit of k?
6
Let a = -668 - -1113. Suppose 4*o + 3*k + 332 = -a, o + 213 = 3*k. What is the units digit of 920/22 - 36/o?
2
Suppose 3*h = -9, 41*r - 36*r = -3*h + 10591. What is the units digit of r?
0
Suppose 0 = 4*g - 6*g, -2*g = -4*r + 1424. What is the units digit of r?
6
Suppose 795 - 37 = h. What is the units digit of h?
8
Let o(p) = p**3 + 13*p**2 + 6*p + 10. Let u(b) = b**3 - 7*b**2 + 4*b. Let q be u(6). What is the tens digit of o(q)?
8
Let a(g) = -1623*g - 195. What is the units digit of a(-1)?
8
Let g(a) = -2*a**3 + 21*a**2 + 7*a + 34. Let s(d) = -3*d**3 + 32*d**2 + 11*d + 51. Let c(q) = 8*g(q) - 5*s(q). What is the tens digit of c(8)?
2
Suppose 14497 = 36*a - 17*a. What is the tens digit of a?
6
Let n = -252 + 677. Suppose -15*p = -20*p + n. What is the tens digit of p?
8
Suppose -3*l + 668 = -3*b + 3425, 3*l = -3*b + 2787. What is the tens digit of b?
2
What is the units digit of (4 - 120/20)*(-199)/2?
9
Suppose -4*g - 24 = -8*g. Let s = g + 197. What is the units digit of s?
3
Suppose -41 = -3*z - 5*k, 0*k + 1 = k. Suppose -9*o + z*o = 78. What is the tens digit of o?
2
Let u(x) = 46*x**2 + 6*x - 28. What is the units digit of u(4)?
2
What is the thousands digit of 3780 - (9 + 80/(-10))?
3
Suppose 24*c - 6910 = -1510. What is the hundreds digit of c?
2
Let x(v) = -2*v**2 + v - 2*v**2 + 8 - 7 + v**3. Let h be x(4). Suppose 36 = -d + h*d. What is the units digit of d?
9
Let k(x) = 2*x**3 + 11*x**2 + x - 16. Let c be k(-5). Suppose c*h - 1090 = -h. What is the hundreds digit of h?
2
Let b be -2 + ((-136)/(-102))/(4/6). Let w(f) be the second derivative of -f**5/20 + f**2/2 + f. What is the units digit of w(b)?
1
Let u(c) = 2*c**2 + 9*c + 4. Let l be u(-4). What is the units digit of ((-104)/16)/((-2)/4 - l)?
3
Let o(u) = -4 + 1 - 20*u**2 - 2 + 22*u**2 - 10*u. What is the units digit of o(6)?
7
Suppose -29 = -2*g - 17. Suppose g = -3*z, 3*r - 65 = 2*r - 4*z. What is the tens digit of r?
7
Let p = 46 - 74. Let o be p/(-6) + (-4)/6. Suppose -2*b = 2*c - 56, -o*b - c + 87 = -2*c. What is the units digit of b?
3
Let l = 6 + -6. Suppose 5*w - 20 = -l*w. Suppose -w*p = -19 - 125. What is the tens digit of p?
3
Suppose 0 = 168*k - 183*k + 43515. What is the tens digit of k?
0
Let k be (5 - 7)*545/(-10). Let n = 28 + k. What is the tens digit of n?
3
Suppose 5*a - 4765 = -4*g, 0*g = 2*g - 5*a - 2345. What is the hundreds digit of g?
1
Suppose 147*a + 4440 = 155*a. What is the hundreds digit of a?
5
Let v = -27 - -43. Suppose -4*z + 54 = -3*s - z, 3*s + 2*z = -29. Let q = v + s. What is the units digit of q?
3
Let c = 383 + -94. What is the units digit of c?
9
What is the tens digit of (-7)/6*118*60/(-20)?
1
Let t(a) = 211*a - 303. What is the units digit of t(6)?
3
Let l(w) = 7*w**2 + 8*w + 11. Let b(f) = 7*f**2 + 9*f + 12. Let x(v) = -4*b(v) + 5*l(v). What is the units digit of x(3)?
2
Let n = 269 - 907. What is the units digit of (n/(-55))/((-4)/(-30))?
7
Suppose -2*l + 5*p + 1161 = l, -3*p - 1548 = -4*l. What is the hundreds digit of l?
3
What is the thousands digit of 89061/14*32/48?
4
What is the units digit of (-71)/994 - 77745/(-42)?
1
Let g be 0/(7/(28/8)). What is the units digit of (-1 + g)/(8/(-624))?
8
Let w = 549 + -12. What is the hundreds digit of w?
5
Suppose 552 = 6*w + 17*w. Let j = -77 - -134. Let s = j - w. What is the tens digit of s?
3
Suppose t + 4 = -2*n, 5*t - 4*n + 44 = -2*n. Let h(x) = -x**3 + 7*x**2 + x + 5. Let i be h(7). What is the units digit of (369/(-6))/(i/t)?
1
Let q(y) = -27*y**2 - 3*y - 2. Let w(g) = g**2 + g + 1. Let c(j) = -q(j) - w(j). Let i be c(-1). What is the units digit of (10/i)/((-4)/(-590))?
9
Let z(s) = 37*s**2 + 6*s + 12. What is the units digit of z(-5)?
7
Suppose 121*l = 116*l + 3625. What is the units digit o